and w.
23
Let m(y) = 2*y**2 + 168*y + 943. Let q be m(-6). Calculate the highest common factor of 25 and q.
1
Let n be (-136)/(-204)*(-6)/(-8) + 479/2. What is the greatest common divisor of 180 and n?
60
Let k(w) = -w**2 - 22*w - 18. Let g be k(-19). Suppose 2*o - 644 = 6*c - 10*c, 4*o = -3*c + 1263. Calculate the highest common factor of g and o.
39
Let v = -48 + 43. Let r be 28/v + 6/10. Let l be (r + 7)*(-1 - (-11)/2). Calculate the highest common factor of 36 and l.
9
Let k be (1288/(140/5))/((-1)/(-1)). Calculate the highest common factor of 3473 and k.
23
Let a be (-4)/40*-44 + (-2)/5. Suppose -2*d + 6 = -g, 3 + 5 = -3*g + a*d. What is the highest common factor of 108 and g?
4
Let x be (14/4)/(5/40). Suppose -10*a + x = -3*a. Let o(g) = g + 14. Let p be o(-8). Calculate the highest common factor of a and p.
2
Let c(o) = 5*o**3 - 21*o**2 + 4*o + 67. Let j be c(9). What is the highest common divisor of 89 and j?
89
Suppose 4*o + 13 = q, -5*o - 2 + 7 = 0. Let g be 2/4 + 1183/14. Suppose -2*i = 3*i - g. Calculate the highest common factor of q and i.
17
Let l = -19339 + 20725. What is the greatest common factor of l and 44?
22
Suppose -320 = -0*f - 2*f. Let h = -156 + f. What is the highest common factor of 16 and h?
4
Let j = 16647 + -16479. Calculate the greatest common factor of 6132 and j.
84
Let v = -446 - -450. Suppose 3*q + 18 = 3*m + 3, -v*q = -20. Let x be 1/(-3) + (-61)/(-3). What is the greatest common divisor of m and x?
10
Let p be 1/(9/90) - -167. Calculate the greatest common factor of p and 472.
59
Suppose 0 = 3*h - 5*h - 3*a + 345, h + a = 171. Let l(j) = j**2 - 22*j - 120. Let s be l(-8). What is the highest common factor of s and h?
24
Let t be (-9 - (-11 - -3))/((-1)/52). Suppose -4 = 3*n + 8, -4*m + 4*n = -t. What is the highest common factor of 6 and m?
3
Let l(f) = -14*f**2 + 356*f + 2. Let k be l(19). Calculate the greatest common divisor of 176 and k.
16
Let q(j) be the third derivative of 7*j**4/2 - j**3/2 + 69*j**2. Let z be q(3). What is the highest common factor of 3 and z?
3
Let y(x) = 15*x**2 + 232*x + 9. Let c be y(-25). What is the highest common divisor of 8 and c?
8
Let m(z) = -235*z + 957. Let v be m(4). Calculate the highest common divisor of 17 and v.
17
Suppose -206 = -5*v - 56. Let y = -92 - -2. Let o be 4/(1/9 + (-20)/y). What is the highest common divisor of v and o?
6
Let w = 124 - 227. Let o = -100 - w. Let q be (-15)/(-27)*o*6. What is the greatest common factor of q and 50?
10
Let d = 106 + -94. Calculate the greatest common divisor of 980 and d.
4
Suppose 4*a - 1015 = -5*z + 5*a, -4*z + 812 = -3*a. Let d = 314 - z. What is the greatest common factor of d and 74?
37
Suppose 0 = 15*q - 1019 - 1933 + 417. Calculate the greatest common divisor of q and 6253.
169
Let a = -834 - -888. Let s = 6 + -4. Suppose -6 = s*n - 3*n. What is the highest common divisor of n and a?
6
Let q(n) = -244*n - 848. Let r be q(-10). Calculate the greatest common divisor of 40 and r.
8
Let m = 47 + -20. Calculate the highest common factor of m and 1251.
9
Suppose 755 = -87*i + 94*i - 2038. Calculate the greatest common factor of 168 and i.
21
Let j be 3*1 + 0/(-1). Let n(i) = 20*i - 8. Let u(o) = -o - 3. Let a(v) = n(v) + u(v). Let t be a(j). Calculate the greatest common divisor of t and 138.
46
Let x be 2/6*(35 + -2). Let m be x/(-11) + (-68 - -1). Let r = m - -92. Calculate the highest common factor of 48 and r.
24
Let k = 70 + -25. Let c = 57 - k. Suppose 288 = 2*s + s. What is the greatest common factor of s and c?
12
Suppose -m - 748 = -5*a, -2*a = m + 3*m - 286. Let w = a + -127. Calculate the highest common factor of 176 and w.
22
Let m(g) = g**3 + 11*g**2 - 2*g + 6. Let u be m(-10). Suppose 3*j - 4*w + 68 - 122 = 0, -2*w - 20 = -j. What is the greatest common factor of j and u?
14
Let q(c) = 101*c**2 + 5*c - 6. Let g(t) = -40*t + 1. Let o be g(0). Let n be q(o). What is the greatest common divisor of n and 125?
25
Let c(z) = -270*z + 77. Let g be c(2). Let r = g - -523. What is the greatest common factor of r and 15?
15
Let r(l) = 58*l - 2024. Let c be r(35). What is the highest common factor of 93 and c?
3
Suppose -4*j - 5*p - 46 = -55, -18 = -2*j + 2*p. Calculate the highest common factor of 30 and j.
6
Let l(k) = -12*k + 111. Let d be l(5). Calculate the greatest common factor of d and 8245.
17
Suppose j - y - 9 = 1, 2*j - 23 = 5*y. Let k(g) = -g - 54. Let o be k(20). Let z = -65 - o. What is the greatest common factor of j and z?
9
Let h(x) = 177*x - 37. Let m be 4*1 + (-23 - -18). Let p be (84/(-105))/(m/5). Let u be h(p). Calculate the highest common factor of u and 61.
61
Suppose -5*c + 5*r = -1150, -5*c + 1353 = 3*r + 195. What is the highest common divisor of c and 77?
77
Let n = 449 + -112. Let a = n - -118. What is the greatest common factor of 70 and a?
35
Let b be (-68 + 67)/((-2)/(-76)*16/(-728)). What is the highest common factor of 819 and b?
91
Let v(s) = -8*s + 3. Let l be v(4). Let r = -366 - -344. Let q = r - l. Calculate the greatest common factor of q and 14.
7
Let u(a) = -33*a - 3. Let x = -12 + 7. Let k be u(x). Let c = 633 + -615. Calculate the highest common factor of c and k.
18
Suppose 0 = i + 8 - 15. Let x = i + -4. Let u be -2 - -32 - (0 - 3). Calculate the highest common divisor of x and u.
3
Suppose 0 = 2*b - 0*b - 378. Let u = 56122 - 56095. What is the highest common divisor of u and b?
27
Let b(h) = 597*h + 1275. Let s be b(9). What is the greatest common divisor of s and 24?
24
Let t = -8326 - -8370. What is the greatest common divisor of 1024 and t?
4
Let w = -25549 - -26309. Calculate the highest common factor of w and 560.
40
Let t(u) = -456*u + 5940. Let l be t(13). Calculate the greatest common divisor of l and 2301.
3
Let q = -38 - -41. Suppose -o - 32 = d, q*d = d + 4. Let w = 41 + o. What is the highest common factor of w and 14?
7
Let d be (-57)/(1956/(-216) - -9). What is the highest common factor of 76 and d?
38
Let b(w) = w**2 + 26*w + 96. Let x be b(-3). Calculate the highest common factor of 507 and x.
3
Let o(i) = -i**3 - 16*i**2 + 17*i + 4. Let j be (0 - 3)*(1683/27)/11. Let x be o(j). Calculate the greatest common divisor of 132 and x.
4
Let u = 618 - 504. Calculate the greatest common factor of 84 and u.
6
Let w(d) = 13*d**2 + 43*d + 333. Let p be w(-14). What is the highest common factor of p and 159?
53
Let d(o) = 4*o**2 - 3*o. Let f be d(2). Let a(j) = -6*j + 3*j**2 - f + 0*j + 4*j. Let g be a(4). What is the greatest common divisor of g and 20?
10
Let z(r) = 21*r - 3. Let y be z(4). Suppose -2*x + 25 = 19. Suppose 0 = -x*u + 5*t - t + 35, -3*t = 3*u - 21. What is the highest common factor of u and y?
9
Suppose -4*l - 121 - 43 = -2*x, 3*l + 6 = 0. Calculate the highest common factor of x and 741.
39
Suppose -22*p + 809 + 745 = 15*p. Calculate the greatest common factor of 1239 and p.
21
Let r = -2658 + 2706. Let g(x) = x. Let c be g(3). Calculate the greatest common divisor of c and r.
3
Let z = -39 - -174. Suppose -t = -5*t. Suppose 10*h - 24*h + 756 = t. Calculate the highest common factor of h and z.
27
Let x(j) = 181*j + 8214. Let v be x(-30). Calculate the greatest common divisor of v and 64.
32
Let k(c) = -44*c + 7*c - 63*c. Let t be k(-1). Suppose 0 = 5*v - 4*i - 133, 3*v + 4*i - 49 - 18 = 0. What is the greatest common divisor of t and v?
25
Let i = 14916 - 14627. Let p be 51*(2 - 5/3). Calculate the greatest common divisor of i and p.
17
Suppose k + 84 = 4*k. Let y(j) be the third derivative of j**4/2 - 101*j**3/6 + 4*j**2. Let w be y(9). Calculate the highest common divisor of k and w.
7
Suppose 34*v = 43*v - 9. What is the highest common factor of 191 and v?
1
Suppose 30 - 18 = -2*g. Let r(s) = -16*s + 4. Let l be r(g). Suppose -l = -8*n + 3*n. What is the greatest common divisor of n and 70?
10
Suppose 67 = -188*m - 33 + 664. Suppose 5*d - 31 - 14 = 0. What is the highest common factor of m and d?
3
Suppose -3*x + 570 - 575 = -4*a, -3*a = -2*x - 6. Calculate the highest common divisor of a and 233.
1
Let l(k) = -2051*k - 9202. Let m be l(-6). What is the highest common divisor of m and 256?
32
Let r be (12 + -3)/(18/1024*(-4)/(-3)). What is the greatest common divisor of 1824 and r?
96
Let l = 921 + -833. Let p(c) = -c**3 - 7*c**2 + 13*c -